t is -42 (base 8) in base 9?
-37
11 (base 8) to base 9
10
Convert 87 (base 10) to base 7.
153
100011 (base 2) to base 15
25
What is 6 (base 9) in base 12?
6
What is 10 (base 2) in base 5?
2
Convert 4 (base 6) to base 5.
4
Convert 1100 (base 3) to base 2.
100100
Convert -10 (base 3) to base 9.
-3
What is 5 (base 7) in base 2?
101
7 (base 16) to base 10
7
What is 1134 (base 6) in base 5?
2044
Convert 6 (base 15) to base 9.
6
What is 1 (base 16) in base 7?
1
What is -3200 (base 4) in base 6?
-1012
Convert -94 (base 15) to base 5.
-1024
Convert -10100 (base 2) to base 4.
-110
Convert -322 (base 6) to base 10.
-122
340 (base 5) to base 4
1133
Convert 12 (base 5) to base 16.
7
What is 130 (base 7) in base 4?
1012
86 (base 15) to base 3
11200
What is -18 (base 11) in base 13?
-16
-2211 (base 3) to base 2
-1001100
Convert -42 (base 5) to base 9.
-24
Convert -110001 (base 3) to base 7.
-643
What is 105 (base 7) in base 11?
4a
Convert 19 (base 14) to base 9.
25
-7 (base 8) to base 11
-7
-7a (base 16) to base 4
-1322
Convert 73 (base 16) to base 7.
223
What is -2 (base 3) in base 16?
-2
0 (base 8) to base 12
0
1 (base 2) to base 13
1
9 (base 12) to base 10
9
What is -b (base 14) in base 10?
-11
Convert 7 (base 12) to base 10.
7
What is -170 (base 15) in base 7?
-651
Convert 100 (base 2) to base 9.
4
Convert 102 (base 6) to base 14.
2a
-20 (base 15) to base 13
-24
1200 (base 3) to base 14
33
What is 224 (base 8) in base 5?
1043
Convert -2a (base 16) to base 15.
-2c
Convert -7 (base 10) to base 3.
-21
What is -27 (base 16) in base 10?
-39
What is 5 (base 13) in base 10?
5
Convert 19 (base 13) to base 6.
34
104 (base 5) to base 6
45
4 (base 14) to base 12
4
What is 552 (base 6) in base 9?
255
Convert -7 (base 9) to base 5.
-12
Convert 58 (base 12) to base 4.
1010
-1 (base 9) to base 6
-1
10 (base 10) to base 3
101
What is -302 (base 5) in base 14?
-57
Convert 0 (base 10) to base 8.
0
-13 (base 13) to base 9
-17
99 (base 13) to base 5
1001
0 (base 3) to base 15
0
136 (base 11) to base 5
1120
-4 (base 9) to base 13
-4
Convert -3 (base 14) to base 3.
-10
0 (base 13) to base 6
0
What is 12 (base 8) in base 7?
13
Convert -2 (base 13) to base 5.
-2
Convert e (base 15) to base 11.
13
67 (base 12) to base 6
211
Convert 122 (base 14) to base 7.
442
Convert 1 (base 13) to base 11.
1
What is 0 (base 14) in base 3?
0
-5 (base 9) to base 4
-11
Convert 1 (base 8) to base 15.
1
-100 (base 2) to base 8
-4
Convert -1 (base 13) to base 5.
-1
What is 5 (base 14) in base 16?
5
-100 (base 3) to base 16
-9
15 (base 7) to base 15
c
-2 (base 14) to base 5
-2
What is 6 (base 16) in base 9?
6
What is 9 (base 10) in base 16?
9
What is -4 (base 5) in base 10?
-4
-12 (base 14) to base 15
-11
Convert 1a (base 13) to base 11.
21
3e (base 16) to base 12
52
-8 (base 13) to base 16
-8
What is 2d (base 16) in base 7?
63
Convert -11 (base 15) to base 16.
-10
Convert 2312 (base 4) to base 8.
266
Convert 2 (base 7) to base 4.
2
-100111110 (base 2) to base 3
-102210
0 (base 5) to base 6
0
What is 1101101 (base 2) in base 12?
91
-313 (base 4) to base 14
-3d
What is 121 (base 12) in base 13?
100
Convert 2 (base 3) to base 12.
2
Convert -3 (base 11) to base 7.
-3
What is -14 (base 10) in base 2?
-1110
What is 10011101 (base 2) in base 9?
184
What is -1 (base 14) in base 3?
-1
-52 (base 6) to base 12
-28
4 (base 12) to base 7
4
23 (base 6) to base 15
10
Convert -20 (base 6) to base 11.
-11
Convert 26 (base 9) to base 3.
220
Convert -30 (base 5) to base 6.
-23
Convert -5 (base 8) to base 15.
-5
-2 (base 3) to base 7
-2
-2 (base 16) to base 7
-2
Convert -12 (base 3) to base 13.
-5
100 (base 3) to base 2
1001
What is 53 (base 7) in base 15?
28
What is 1001 (base 3) in base 2?
11100
What is 32 (base 4) in base 9?
15
What is -11 (base 2) in base 13?
-3
Convert 251 (base 7) to base 12.
b2
What is 0 (base 3) in base 6?
0
What is -30 (base 4) in base 5?
-22
-142 (base 9) to base 6
-315
Convert -7 (base 14) to base 9.
-7
What is -5 (base 13) in base 10?
-5
What is 20 (base 4) in base 13?
8
Convert -10110011 (base 2) to base 15.
-be
0 (base 11) to base 3
0
Convert 18 (base 11) to base 15.
14
What is -89 (base 12) in base 13?
-81
What is 22 (base 3) in base 13?
8
What is 13 (base 8) in base 12?
b
What is -7 (base 12) in base 6?
-11
11010 (base 2) to base 11
24
What is -211 (base 3) in base 13?
-19
7 (base 15) to base 16
7
Convert 3 (base 4) to base 7.
3
Convert 16 (base 16) to base 10.
22
Convert 5 (base 16) to base 12.
5
-532 (base 7) to base 4
-10030
2 (base 4) to base 10
2
110 (base 2) to base 10
6
What is 13 (base 16) in base 14?
15
-1c (base 15) to base 5
-102
102121 (base 3) to base 13
1b1
Convert -213 (base 5) to base 7.
-112
What is -102 (base 3) in base 11?
-10
What is 59 (base 10) in base 9?
65
What is -1011100 (base 2) in base 14?
-68
2d (base 16) to base 13
36
Convert -10 (base 2) to base 9.
-2
What is -25 (base 13) in base 15?
-21
3 (base 14) to base 10
3
Convert 213 (base 4) to base 6.
103
What is -2a (base 13) in base 12?
-30
What is 1 (base 13) in base 11?
1
155 (base 11) to base 14
cd
Convert 11 (base 15) to base 12.
14
What is -5 (base 15) in base 12?
-5
3 (base 8) to base 15
3
What is -48 (base 9) in base 2?
-101100
Convert 3 (base 5) to base 2.
11
Convert -2 (base 16) to base 11.
-2
Convert 22 (base 5) to base 15.
c
-10100 (base 2) to base 3
-202
What is -10 (base 3) in base 14?
-3
What is 3 (base 6) in base 12?
3
-a (base 12) to base 13
-a
Convert 21 (base 6) to base 2.
1101
Convert -2 (base 16) to base 15.
-2
Convert -92 (base 10) to base 4.
-1130
-6 (base 13) to base 14
-6
-1 (base 8) to base 6
-1
-11100000 (base 2) to base 16
-e0
What is -8 (base 16) in base 8?
-10
153 (base 11) to base 2
10110011
Convert 1 (base 13) to base 3.
1
Convert 111 (base 2) to base 9.
7
Convert 110 (base 4) to base 10.
20
What is -2 (base 9) in base 16?
-2
Convert 5 (base 9) to base 8.
5
-96 (base 13) to base 5
-443
Convert -20020 (base 3) to base 15.
-b3
6 (base 7) to base 6
10
What is 0 (base 10) in base 6?
0
1 (base 5) to base 3
1
Convert -4 (base 6) to base 15.
-4
32 (base 12) to base 3
1102
-3 (base 4) to base 15
-3
1 (base 10) to base 14
1
What is 5 (base 14) in base 9?
5
10 (base 4) to base 9
4
Convert -32 (base 11) to base 3.
-1022
Convert -57 (base 14) to base 6.
-205
Convert 11 (base 9) to base 10.
10
1 (base 12) to base 4
1
-6 (base 11) to base 12
-6
-302 (base 5) to base 10
-77
4 (base 7) to base 2
100
What is -28 (base 15) in base 3?
-1102
3 (base 12) to base 5
3
Convert -50 (base 11) to base 2.
-110111
-111 (base 2) to base 5
-12
Convert 1212 (base 4) to base 12.
86
What is -9 (base 15) in base 14?
-9
What is 3a (base 11) in base 8?
53
What is 0 (base 2) in base 13?
0
Convert 3 (base 14) to base 4.
3
-10100 (base 2) to base 9
-22
27 (base 10) to base 13
21
Convert 408 (base 9) to base 7.
653
Convert -100 (base 2) to base 8.
-4
Convert 30 (base 5) to base 11.
14
-41 (base 8) to base 9
-36
-113 (base 4) to base 14
-19
Convert -8 (base 13) to base 15.
-8
What is 3 (base 12) in base 2?
11
What is -422 (base 5) in base 12?
-94
-5 (base 11) to base 8
-5
What is -36 (base 7) in base 16?
-1b
What is 41 (base 11) in base 3?
1200
0 (base 11) to base 6
0
What is -4 (base 9) in base 5?
-4
Convert 4f (base 16) to base 15.
54
What is -2 (base 5) in base 7?
-2
Convert -a7 (base 11) to base 9.
-140
58 (base 10) to base 9
64
53 (base 14) to base 7
133
What is -3 (base 6) in base 14?
-3
Convert -d (base 16) to base 5.
-23
-2 (base 16) to base 11
-2
What is -1 (base 13) in base 9?
-1
Convert -35 (base 16) to base 8.
-65
What is 2 (base 11) in base 13?
2
What is -b6 (base 13) in base 3?
-12112
Convert -47 (base 14) to base 6.
-143
-13 (base 11) to base 3
-112
-5 (base 16) to base 12
-5
What is -7 (base 14) in base 12?
-7
What is -36 (base 13) in base 2?
-101101
1 (base 2) to base 14
1
38 (base 16) to base 10
56
Convert 133 (base 14) to base 6.
1041
-310 (base 6) to base 12
-96
Convert b (base 15) to base 3.
102
Convert -6 (base 14) to base 4.
-12
Convert -a (base 12) to base 14.
-a
What is 15 (base 8) in base 7?
16
-44 (base 16) to base 4
-1010
What is 6 (base 10) in base 14?
6
What is 9b (base 15) in base 11?
123
What is -1 (base 10) in base 16?
-1
-4 (base 7) to base 15
-4
What is aa (base 16) in base 8?
252
